{"id":155,"date":"2024-01-30T12:24:26","date_gmt":"2024-01-30T10:24:26","guid":{"rendered":"https:\/\/porini.fi\/?page_id=155"},"modified":"2024-05-14T09:24:29","modified_gmt":"2024-05-14T06:24:29","slug":"meist","status":"publish","type":"page","link":"https:\/\/porini.fi\/?page_id=155","title":{"rendered":"Meist\u00e4"},"content":{"rendered":"\n<div class=\"wp-block-cover alignfull\" style=\"min-height:642px;aspect-ratio:unset;\"><span aria-hidden=\"true\" class=\"wp-block-cover__background has-background-dim\"><\/span><video class=\"wp-block-cover__video-background intrinsic-ignore\" autoplay muted loop playsinline src=\"https:\/\/porini.fi\/wp-content\/uploads\/2024\/01\/IMG_1352.mp4\" data-object-fit=\"cover\"><\/video><div class=\"wp-block-cover__inner-container is-layout-constrained wp-block-cover-is-layout-constrained\">\n<p class=\"has-text-align-center has-large-font-size\"><\/p>\n\n\n\n<div style=\"height:100px\" aria-hidden=\"true\" class=\"wp-block-spacer\"><\/div>\n<\/div><\/div>\n\n\n\n<div style=\"height:45px\" aria-hidden=\"true\" class=\"wp-block-spacer\"><\/div>\n\n\n\n<div class=\"wp-block-media-text alignfull has-media-on-the-right is-stacked-on-mobile\"><div class=\"wp-block-media-text__content\">\n<div class=\"wp-block-group teksti1\"><div class=\"wp-block-group__inner-container is-layout-constrained wp-block-group-is-layout-constrained\">\n<h2 class=\"wp-block-heading has-text-color has-link-color wp-elements-0cd84e4fc1400c56519e97ff23aa8595\" style=\"color:#e98712\">Missiomme ja Arvomme<\/h2>\n\n\n\n<p class=\"has-black-color has-text-color has-link-color wp-elements-eec84f7271590787dcdef71abefb4097\">Missiomme on tuoda p\u00e4iv\u00e4ntasaajan mausteet, superfoodit ja muut herkut helposti suomalaisten saataville. Pyrimme rohkeaan, avoimeen ja vastuulliseen yrityskulttuuriin ja tuotteisiin, jotka inspiroivat ihmisi\u00e4 tekem\u00e4\u00e4n makumatkoja keitti\u00f6ss\u00e4.<br><br>Arvojemme ytimess\u00e4 on reiluus ja vastuullisuus, jotka n\u00e4kyv\u00e4t suoraan toiminnassamme. Maksamme tuottajillemme reilun hinnan, jonka lis\u00e4ksi palautamme osan tuotoista kyl\u00e4yhteis\u00f6ille erityisesti tytt\u00f6jen koulutusta varten. Jos emme itse tuo tuotetta suoraan viljelij\u00f6ilt\u00e4, huolehdimme ett\u00e4 kumppanimme toimivat samojen arvojen mukaisesti.<br><br>Haluamme ett\u00e4 toimintamme tuo iloa kaikille osapuolille ja tukee tasa-arvoa ja vastuullista kuluttamista.<\/p>\n<\/div><\/div>\n<\/div><figure class=\"wp-block-media-text__media\"><img fetchpriority=\"high\" decoding=\"async\" width=\"683\" height=\"1024\" src=\"https:\/\/porini.fi\/wp-content\/uploads\/2024\/01\/IMG_1793-683x1024.jpg\" alt=\"\" class=\"wp-image-37 size-full\" srcset=\"https:\/\/porini.fi\/wp-content\/uploads\/2024\/01\/IMG_1793-683x1024.jpg 683w, https:\/\/porini.fi\/wp-content\/uploads\/2024\/01\/IMG_1793-scaled-300x450.jpg 300w, https:\/\/porini.fi\/wp-content\/uploads\/2024\/01\/IMG_1793-scaled-600x900.jpg 600w, https:\/\/porini.fi\/wp-content\/uploads\/2024\/01\/IMG_1793-200x300.jpg 200w, https:\/\/porini.fi\/wp-content\/uploads\/2024\/01\/IMG_1793-2000x3000.jpg 2000w, https:\/\/porini.fi\/wp-content\/uploads\/2024\/01\/IMG_1793-scaled.jpg 1707w\" sizes=\"(max-width: 683px) 100vw, 683px\" \/><\/figure><\/div>\n\n\n\n<div style=\"height:100px\" aria-hidden=\"true\" class=\"wp-block-spacer\"><\/div>\n\n\n\n<div class=\"wp-block-group alignfull\"><div class=\"wp-block-group__inner-container is-layout-constrained wp-block-group-is-layout-constrained\"><div class=\"wp-block-image\">\n<figure class=\"alignright size-full is-resized\"><img decoding=\"async\" width=\"334\" height=\"154\" data-src=\"https:\/\/porini.fi\/wp-content\/uploads\/2024\/02\/Viuhka.jpg\" alt=\"\" class=\"wp-image-582 lazyload\" style=\"--smush-placeholder-width: 334px; --smush-placeholder-aspect-ratio: 334\/154;width:221px;height:auto\" data-srcset=\"https:\/\/porini.fi\/wp-content\/uploads\/2024\/02\/Viuhka.jpg 334w, https:\/\/porini.fi\/wp-content\/uploads\/2024\/02\/Viuhka-300x138.jpg 300w\" data-sizes=\"(max-width: 334px) 100vw, 334px\" src=\"data:image\/svg+xml;base64,PHN2ZyB3aWR0aD0iMSIgaGVpZ2h0PSIxIiB4bWxucz0iaHR0cDovL3d3dy53My5vcmcvMjAwMC9zdmciPjwvc3ZnPg==\" \/><\/figure>\n<\/div><\/div><\/div>\n\n\n\n<div style=\"height:100px\" aria-hidden=\"true\" class=\"wp-block-spacer\"><\/div>\n\n\n\n<div class=\"wp-block-media-text alignfull is-stacked-on-mobile\"><figure class=\"wp-block-media-text__media\"><img decoding=\"async\" width=\"768\" height=\"1024\" data-src=\"https:\/\/porini.fi\/wp-content\/uploads\/2024\/01\/IMG_4440-768x1024.jpeg\" alt=\"\" class=\"wp-image-91 size-full lazyload\" data-srcset=\"https:\/\/porini.fi\/wp-content\/uploads\/2024\/01\/IMG_4440-768x1024.jpeg 768w, https:\/\/porini.fi\/wp-content\/uploads\/2024\/01\/IMG_4440-300x400.jpeg 300w, https:\/\/porini.fi\/wp-content\/uploads\/2024\/01\/IMG_4440-600x800.jpeg 600w, https:\/\/porini.fi\/wp-content\/uploads\/2024\/01\/IMG_4440-225x300.jpeg 225w, https:\/\/porini.fi\/wp-content\/uploads\/2024\/01\/IMG_4440.jpeg 1536w\" data-sizes=\"(max-width: 768px) 100vw, 768px\" src=\"data:image\/svg+xml;base64,PHN2ZyB3aWR0aD0iMSIgaGVpZ2h0PSIxIiB4bWxucz0iaHR0cDovL3d3dy53My5vcmcvMjAwMC9zdmciPjwvc3ZnPg==\" style=\"--smush-placeholder-width: 768px; --smush-placeholder-aspect-ratio: 768\/1024;\" \/><\/figure><div class=\"wp-block-media-text__content\">\n<div class=\"wp-block-group teksti1\"><div class=\"wp-block-group__inner-container is-layout-constrained wp-block-group-is-layout-constrained\">\n<h2 class=\"wp-block-heading has-text-color has-link-color wp-elements-90aad39d077168c67043d4b806bc8751\" style=\"color:#e98712\">PORINIn valikoima laajenee vuoden 2025 aikana!<br><\/h2>\n\n\n\n<p>Malta viel\u00e4 hetki! Retkemme Tansaniassa ovat tuottaneet uusia, herkullisia kontakteja tuottajien kanssa ja suunnitelmissamme on laajentaa mausteisiin ja kahviin ensi vuoden aikana.&nbsp;&nbsp;Mausteviljelij\u00e4mme Keski-Tansanian yl\u00e4ng\u00f6ll\u00e4 virittelev\u00e4t tuotettaan huippukuntoon Suomen valloitusta varten ja Tansanialainen kahvi lukeutuu maailman parhaisiin.&nbsp;<\/p>\n\n\n\n<p>Ty\u00f6n alla ovat my\u00f6s maustetuottajien auditoinnit, jotka tekev\u00e4t arvojemme mukaisen toiminnan l\u00e4pin\u00e4kyv\u00e4ksi ja helposti todennettavaksi. Porini -mausteet saapuvat valikoimaamme vuoden 2025 aikana. Erityisen ylpeit\u00e4 olemme pippureista, inkiv\u00e4\u00e4rist\u00e4, kanelista sek\u00e4 kurkumasta. Niit\u00e4 kasvatetaan matkojen p\u00e4\u00e4ss\u00e4 autotien p\u00e4\u00e4ttymisest\u00e4 alueilla, miss\u00e4 yhteis\u00f6llisyys on elinehto.<\/p>\n<\/div><\/div>\n<\/div><\/div>\n\n\n\n<div class=\"wp-block-group alignfull has-background\" style=\"background-color:#e98712\"><div class=\"wp-block-group__inner-container is-layout-constrained wp-block-group-is-layout-constrained\">\n<div style=\"height:25px\" aria-hidden=\"true\" class=\"wp-block-spacer\"><\/div>\n\n\n\n<figure class=\"wp-block-gallery has-nested-images columns-default is-cropped has-background wp-block-gallery-1 is-layout-flex wp-block-gallery-is-layout-flex\" style=\"background-color:#e98712\">\n<figure class=\"wp-block-image size-large\"><img decoding=\"async\" width=\"1024\" height=\"768\" data-id=\"46\" data-src=\"https:\/\/porini.fi\/wp-content\/uploads\/2024\/01\/IMG_4091-1024x768.jpeg\" alt=\"\" class=\"wp-image-46 lazyload\" data-srcset=\"https:\/\/porini.fi\/wp-content\/uploads\/2024\/01\/IMG_4091-1024x768.jpeg 1024w, https:\/\/porini.fi\/wp-content\/uploads\/2024\/01\/IMG_4091-300x225.jpeg 300w, https:\/\/porini.fi\/wp-content\/uploads\/2024\/01\/IMG_4091-600x450.jpeg 600w, https:\/\/porini.fi\/wp-content\/uploads\/2024\/01\/IMG_4091-2000x1500.jpeg 2000w, https:\/\/porini.fi\/wp-content\/uploads\/2024\/01\/IMG_4091.jpeg 2048w\" data-sizes=\"(max-width: 1024px) 100vw, 1024px\" src=\"data:image\/svg+xml;base64,PHN2ZyB3aWR0aD0iMSIgaGVpZ2h0PSIxIiB4bWxucz0iaHR0cDovL3d3dy53My5vcmcvMjAwMC9zdmciPjwvc3ZnPg==\" style=\"--smush-placeholder-width: 1024px; --smush-placeholder-aspect-ratio: 1024\/768;\" \/><\/figure>\n\n\n\n<figure class=\"wp-block-image size-large\"><img decoding=\"async\" width=\"1024\" height=\"768\" data-id=\"64\" data-src=\"https:\/\/porini.fi\/wp-content\/uploads\/2024\/01\/IMG_4250-1024x768.jpeg\" alt=\"\" class=\"wp-image-64 lazyload\" data-srcset=\"https:\/\/porini.fi\/wp-content\/uploads\/2024\/01\/IMG_4250-1024x768.jpeg 1024w, https:\/\/porini.fi\/wp-content\/uploads\/2024\/01\/IMG_4250-300x225.jpeg 300w, https:\/\/porini.fi\/wp-content\/uploads\/2024\/01\/IMG_4250-600x450.jpeg 600w, https:\/\/porini.fi\/wp-content\/uploads\/2024\/01\/IMG_4250-2000x1500.jpeg 2000w, https:\/\/porini.fi\/wp-content\/uploads\/2024\/01\/IMG_4250.jpeg 2048w\" data-sizes=\"(max-width: 1024px) 100vw, 1024px\" src=\"data:image\/svg+xml;base64,PHN2ZyB3aWR0aD0iMSIgaGVpZ2h0PSIxIiB4bWxucz0iaHR0cDovL3d3dy53My5vcmcvMjAwMC9zdmciPjwvc3ZnPg==\" style=\"--smush-placeholder-width: 1024px; --smush-placeholder-aspect-ratio: 1024\/768;\" \/><\/figure>\n\n\n\n<figure class=\"wp-block-image size-large\"><img decoding=\"async\" width=\"1024\" height=\"768\" data-id=\"93\" data-src=\"https:\/\/porini.fi\/wp-content\/uploads\/2024\/01\/IMG_4442-1024x768.jpeg\" alt=\"\" class=\"wp-image-93 lazyload\" data-srcset=\"https:\/\/porini.fi\/wp-content\/uploads\/2024\/01\/IMG_4442-1024x768.jpeg 1024w, https:\/\/porini.fi\/wp-content\/uploads\/2024\/01\/IMG_4442-300x225.jpeg 300w, https:\/\/porini.fi\/wp-content\/uploads\/2024\/01\/IMG_4442-600x450.jpeg 600w, https:\/\/porini.fi\/wp-content\/uploads\/2024\/01\/IMG_4442-2000x1500.jpeg 2000w, https:\/\/porini.fi\/wp-content\/uploads\/2024\/01\/IMG_4442.jpeg 2048w\" data-sizes=\"(max-width: 1024px) 100vw, 1024px\" src=\"data:image\/svg+xml;base64,PHN2ZyB3aWR0aD0iMSIgaGVpZ2h0PSIxIiB4bWxucz0iaHR0cDovL3d3dy53My5vcmcvMjAwMC9zdmciPjwvc3ZnPg==\" style=\"--smush-placeholder-width: 1024px; --smush-placeholder-aspect-ratio: 1024\/768;\" \/><\/figure>\n<\/figure>\n\n\n\n<div style=\"height:25px\" aria-hidden=\"true\" class=\"wp-block-spacer\"><\/div>\n<\/div><\/div>\n","protected":false},"excerpt":{"rendered":"","protected":false},"author":1,"featured_media":0,"parent":0,"menu_order":0,"comment_status":"closed","ping_status":"closed","template":"","meta":{"footnotes":""},"class_list":["post-155","page","type-page","status-publish","czr-hentry"],"yoast_head":"<!-- This site is optimized with the Yoast SEO plugin v27.5 - https:\/\/yoast.com\/product\/yoast-seo-wordpress\/ -->\n<title>meist\u00e4 - porini<\/title>\n<meta name=\"description\" content=\"Missiomme on tuoda p\u00e4iv\u00e4ntasaajan mausteet, superfoodit ja muut herkut helposti suomalaisten saataville. Pyrimme rohkeaan, avoimeen ja vastuulliseen yrityskulttuuriin ja tuotteisiin, jotka inspiroivat ihmisi\u00e4 tekem\u00e4\u00e4n makumatkoja keitti\u00f6ss\u00e4.\" \/>\n<meta name=\"robots\" content=\"index, follow, max-snippet:-1, max-image-preview:large, max-video-preview:-1\" \/>\n<link rel=\"canonical\" href=\"https:\/\/porini.fi\/?page_id=155\" \/>\n<meta property=\"og:locale\" content=\"fi_FI\" \/>\n<meta property=\"og:type\" content=\"article\" \/>\n<meta property=\"og:title\" content=\"meist\u00e4 - porini\" \/>\n<meta property=\"og:description\" content=\"Missiomme on tuoda p\u00e4iv\u00e4ntasaajan mausteet, superfoodit ja muut herkut helposti suomalaisten saataville. Pyrimme rohkeaan, avoimeen ja vastuulliseen yrityskulttuuriin ja tuotteisiin, jotka inspiroivat ihmisi\u00e4 tekem\u00e4\u00e4n makumatkoja keitti\u00f6ss\u00e4.\" \/>\n<meta property=\"og:url\" content=\"https:\/\/porini.fi\/?page_id=155\" \/>\n<meta property=\"article:modified_time\" content=\"2024-05-14T06:24:29+00:00\" \/>\n<meta property=\"og:image\" content=\"https:\/\/porini.fi\/wp-content\/uploads\/2024\/01\/IMG_1793-683x1024.jpg\" \/>\n<meta name=\"twitter:card\" content=\"summary_large_image\" \/>\n<meta name=\"twitter:label1\" content=\"Arvioitu lukuaika\" \/>\n\t<meta name=\"twitter:data1\" content=\"3 minuuttia\" \/>\n<script type=\"application\/ld+json\" class=\"yoast-schema-graph\">{\"@context\":\"https:\\\/\\\/schema.org\",\"@graph\":[{\"@type\":\"WebPage\",\"@id\":\"https:\\\/\\\/porini.fi\\\/?page_id=155\",\"url\":\"https:\\\/\\\/porini.fi\\\/?page_id=155\",\"name\":\"meist\u00e4 - porini\",\"isPartOf\":{\"@id\":\"https:\\\/\\\/porini.fi\\\/#website\"},\"primaryImageOfPage\":{\"@id\":\"https:\\\/\\\/porini.fi\\\/?page_id=155#primaryimage\"},\"image\":{\"@id\":\"https:\\\/\\\/porini.fi\\\/?page_id=155#primaryimage\"},\"thumbnailUrl\":\"https:\\\/\\\/porini.fi\\\/wp-content\\\/uploads\\\/2024\\\/01\\\/IMG_1793-683x1024.jpg\",\"datePublished\":\"2024-01-30T10:24:26+00:00\",\"dateModified\":\"2024-05-14T06:24:29+00:00\",\"description\":\"Missiomme on tuoda p\u00e4iv\u00e4ntasaajan mausteet, superfoodit ja muut herkut helposti suomalaisten saataville. Pyrimme rohkeaan, avoimeen ja vastuulliseen yrityskulttuuriin ja tuotteisiin, jotka inspiroivat ihmisi\u00e4 tekem\u00e4\u00e4n makumatkoja keitti\u00f6ss\u00e4.\",\"inLanguage\":\"fi\",\"potentialAction\":[{\"@type\":\"ReadAction\",\"target\":[\"https:\\\/\\\/porini.fi\\\/?page_id=155\"]}]},{\"@type\":\"ImageObject\",\"inLanguage\":\"fi\",\"@id\":\"https:\\\/\\\/porini.fi\\\/?page_id=155#primaryimage\",\"url\":\"https:\\\/\\\/porini.fi\\\/wp-content\\\/uploads\\\/2024\\\/01\\\/IMG_1793-scaled.jpg\",\"contentUrl\":\"https:\\\/\\\/porini.fi\\\/wp-content\\\/uploads\\\/2024\\\/01\\\/IMG_1793-scaled.jpg\",\"width\":1707,\"height\":2560},{\"@type\":\"WebSite\",\"@id\":\"https:\\\/\\\/porini.fi\\\/#website\",\"url\":\"https:\\\/\\\/porini.fi\\\/\",\"name\":\"\",\"description\":\"\",\"potentialAction\":[{\"@type\":\"SearchAction\",\"target\":{\"@type\":\"EntryPoint\",\"urlTemplate\":\"https:\\\/\\\/porini.fi\\\/?s={search_term_string}\"},\"query-input\":{\"@type\":\"PropertyValueSpecification\",\"valueRequired\":true,\"valueName\":\"search_term_string\"}}],\"inLanguage\":\"fi\"}]}<\/script>\n<!-- \/ Yoast SEO plugin. -->","yoast_head_json":{"title":"meist\u00e4 - porini","description":"Missiomme on tuoda p\u00e4iv\u00e4ntasaajan mausteet, superfoodit ja muut herkut helposti suomalaisten saataville. Pyrimme rohkeaan, avoimeen ja vastuulliseen yrityskulttuuriin ja tuotteisiin, jotka inspiroivat ihmisi\u00e4 tekem\u00e4\u00e4n makumatkoja keitti\u00f6ss\u00e4.","robots":{"index":"index","follow":"follow","max-snippet":"max-snippet:-1","max-image-preview":"max-image-preview:large","max-video-preview":"max-video-preview:-1"},"canonical":"https:\/\/porini.fi\/?page_id=155","og_locale":"fi_FI","og_type":"article","og_title":"meist\u00e4 - porini","og_description":"Missiomme on tuoda p\u00e4iv\u00e4ntasaajan mausteet, superfoodit ja muut herkut helposti suomalaisten saataville. Pyrimme rohkeaan, avoimeen ja vastuulliseen yrityskulttuuriin ja tuotteisiin, jotka inspiroivat ihmisi\u00e4 tekem\u00e4\u00e4n makumatkoja keitti\u00f6ss\u00e4.","og_url":"https:\/\/porini.fi\/?page_id=155","article_modified_time":"2024-05-14T06:24:29+00:00","og_image":[{"url":"https:\/\/porini.fi\/wp-content\/uploads\/2024\/01\/IMG_1793-683x1024.jpg","type":"","width":"","height":""}],"twitter_card":"summary_large_image","twitter_misc":{"Arvioitu lukuaika":"3 minuuttia"},"schema":{"@context":"https:\/\/schema.org","@graph":[{"@type":"WebPage","@id":"https:\/\/porini.fi\/?page_id=155","url":"https:\/\/porini.fi\/?page_id=155","name":"meist\u00e4 - porini","isPartOf":{"@id":"https:\/\/porini.fi\/#website"},"primaryImageOfPage":{"@id":"https:\/\/porini.fi\/?page_id=155#primaryimage"},"image":{"@id":"https:\/\/porini.fi\/?page_id=155#primaryimage"},"thumbnailUrl":"https:\/\/porini.fi\/wp-content\/uploads\/2024\/01\/IMG_1793-683x1024.jpg","datePublished":"2024-01-30T10:24:26+00:00","dateModified":"2024-05-14T06:24:29+00:00","description":"Missiomme on tuoda p\u00e4iv\u00e4ntasaajan mausteet, superfoodit ja muut herkut helposti suomalaisten saataville. Pyrimme rohkeaan, avoimeen ja vastuulliseen yrityskulttuuriin ja tuotteisiin, jotka inspiroivat ihmisi\u00e4 tekem\u00e4\u00e4n makumatkoja keitti\u00f6ss\u00e4.","inLanguage":"fi","potentialAction":[{"@type":"ReadAction","target":["https:\/\/porini.fi\/?page_id=155"]}]},{"@type":"ImageObject","inLanguage":"fi","@id":"https:\/\/porini.fi\/?page_id=155#primaryimage","url":"https:\/\/porini.fi\/wp-content\/uploads\/2024\/01\/IMG_1793-scaled.jpg","contentUrl":"https:\/\/porini.fi\/wp-content\/uploads\/2024\/01\/IMG_1793-scaled.jpg","width":1707,"height":2560},{"@type":"WebSite","@id":"https:\/\/porini.fi\/#website","url":"https:\/\/porini.fi\/","name":"","description":"","potentialAction":[{"@type":"SearchAction","target":{"@type":"EntryPoint","urlTemplate":"https:\/\/porini.fi\/?s={search_term_string}"},"query-input":{"@type":"PropertyValueSpecification","valueRequired":true,"valueName":"search_term_string"}}],"inLanguage":"fi"}]}},"_links":{"self":[{"href":"https:\/\/porini.fi\/index.php?rest_route=\/wp\/v2\/pages\/155","targetHints":{"allow":["GET"]}}],"collection":[{"href":"https:\/\/porini.fi\/index.php?rest_route=\/wp\/v2\/pages"}],"about":[{"href":"https:\/\/porini.fi\/index.php?rest_route=\/wp\/v2\/types\/page"}],"author":[{"embeddable":true,"href":"https:\/\/porini.fi\/index.php?rest_route=\/wp\/v2\/users\/1"}],"replies":[{"embeddable":true,"href":"https:\/\/porini.fi\/index.php?rest_route=%2Fwp%2Fv2%2Fcomments&post=155"}],"version-history":[{"count":144,"href":"https:\/\/porini.fi\/index.php?rest_route=\/wp\/v2\/pages\/155\/revisions"}],"predecessor-version":[{"id":2132,"href":"https:\/\/porini.fi\/index.php?rest_route=\/wp\/v2\/pages\/155\/revisions\/2132"}],"wp:attachment":[{"href":"https:\/\/porini.fi\/index.php?rest_route=%2Fwp%2Fv2%2Fmedia&parent=155"}],"curies":[{"name":"wp","href":"https:\/\/api.w.org\/{rel}","templated":true}]}}